Let s(v) be the third derivative of v**5/12 - v**3/6 - 4*v**2. Give s(c).
4
Let w(u) = 0*u**3 - 8*u**2 + 3 - 94*u + 84*u + u**3. Let o(p) = -p**3 + 9*p**2 + 11*p - 4. Let f(k) = 4*o(k) + 5*w(k). Give f(5).
-6
Let v(p) = 2*p + 3*p + 0*p + 4 - 4*p. Determine v(-4).
0
Let b(x) = -x - 1. Let w be b(1). Let o(n) = 5*n. Let z be 1/2 + (-18)/(-4). Let y(a) = 11*a. Let c(r) = z*o(r) - 2*y(r). What is c(w)?
-6
Let d = 15 - 12. Suppose 15 + d = -3*p. Let i(r) = r**3 + 7*r**2 + 5*r - 8. Calculate i(p).
-2
Let q(z) be the first derivative of 2*z**3/3 - 5*z**2/2 + 3*z - 1. Let m(n) = -n**3 - n**2 + n + 6. Let j be m(0). Let d = j - 3. Determine q(d).
6
Let u = 8 - 6. Let k be (u + -1)/((-1)/(-2)). Let r be -3 + -4*(-1)/k. Let b(t) = 4*t**3 + t + 1. Determine b(r).
-4
Let k(i) = 16*i**3 + 14*i**2 + 5*i - 11. Let w(d) = 3*d**3 + 3*d**2 + d - 2. Let j(h) = -2*k(h) + 11*w(h). Determine j(-4).
12
Let q(f) be the third derivative of f**4/12 + f**3/3 - 4*f**2. Let u be (-1*3)/((-6)/4). What is q(u)?
6
Let m(l) = -l**2 - 4*l - 4. Let j(p) = -p. Let x(h) = 5*h - 12. Let n(d) = 4*j(d) + x(d). Let s be n(7). What is m(s)?
-9
Let s(m) = -m**3 + 6*m**2 - 3*m - 4. Let f be s(5). Let q be (-8)/(-6) + (-2)/f. Let g = q - 2. Let j(z) = -7*z**2 + 2*z + 1. What is j(g)?
-8
Let b(g) = -7*g + 3. Let y(o) = o**3 + 4*o**2 - 5*o + 3. Let a be y(-5). Calculate b(a).
-18
Suppose 0*a + 5*q = -3*a - 5, 5*a + 5*q + 15 = 0. Let o(z) = -z**2 - 5*z + 5. Give o(a).
5
Suppose 0*o = -2*o + 4. Suppose -3*l - o = -4*l. Let q(y) = 6*y**2 - y**3 - 1 - 2*y + 0*y - l*y. Give q(5).
4
Let n(h) = 3*h + 1 + h - 5*h. Give n(-3).
4
Let d be 2 + (-5)/20*-4. Let p(o) = 1 + 3*o + 2*o**3 - 3*o**2 - 4*o**3 + 3*o**3 - 2*o**d. Suppose 9*t - 4*t = -15. Determine p(t).
-8
Let z(c) = -c**3 + 10*c**2 + 12*c - 10. Let i be z(11). Let f(w) = -2*w. Determine f(i).
-2
Suppose 10 = a + 4*a. Let n(p) = -p**3 + 2*p**2 - 2. Give n(a).
-2
Let u be -2 + 5 + 2 - 2. Let f = u - 3. Suppose -t + 1 - 3 = f. Let x(n) = 2*n + 3. What is x(t)?
-1
Let x(j) = -2*j + 11 - 5 - 6. Calculate x(-1).
2
Let k(b) be the second derivative of -b**5/20 - b**4/3 + 2*b**3/3 + 6*b. Calculate k(-5).
5
Let z(p) = 6*p - 16. Let i(h) be the first derivative of 7*h**2/2 - 17*h - 2. Suppose g + 44 - 16 = -4*w, 18 = -w - 3*g. Let r(b) = w*z(b) + 5*i(b). Give r(0).
11
Suppose -2*x + 15 = x. Let f(l) = 0*l**2 - l**3 - x*l**2 - l - 7 - l. Let h be 2/(-13) + 63/(-13). Give f(h).
3
Let h(s) = 29*s**2 - 7. Let x(n) = 15*n**2 - 4. Let k(g) = -3*h(g) + 5*x(g). Give k(-1).
-11
Let o(a) = -a**2 + 3*a + 6 - 2 + 0*a. Let i(s) = -4*s**2 + 11*s + 15. Let l(v) = -6*i(v) + 22*o(v). Suppose -2*t = 4*u + 24, -5*t = -t + 3*u + 23. Give l(t).
6
Let f(g) be the second derivative of -g**4/12 - g**3/6 + g**2 + 31*g. What is f(0)?
2
Let s(p) = -p**2 - 7*p - 4. Let v(y) = y**3 - 13*y**2 - 14*y - 3. Let f be v(14). Determine s(f).
8
Let a(n) = -n**3 + 9*n**2 - 9*n + 11. Let z be a(8). Let y(o) be the first derivative of -1 - o**z + 1/4*o**4 - 3/2*o**2 - o. Give y(4).
3
Let a(o) = 160*o**3 + o - 161*o**3 - 3*o**2 + o. Give a(-4).
8
Let l(i) = -1 - 2*i**2 + 8*i - 4*i**2 - 2*i**3 + 3*i**3 - 6. Give l(5).
8
Let u(h) = -6*h - 6. Let v(l) = -l - 1. Let t(i) = 15*i + 15. Let q(z) = 6*t(z) + 85*v(z). Let y(g) = 5*q(g) + 4*u(g). Calculate y(5).
6
Let n(u) = u**2 - 3*u - 7. Let f(s) = -2*s**2 + 5*s + 13. Let p(m) = -4*f(m) - 7*n(m). Determine p(-3).
3
Let n(v) be the first derivative of v**4/2 - v**3 + v**2/2 + 2*v + 3. Let x(q) = -q - 4. Let p be x(-6). Suppose -j = -p - 0. Calculate n(j).
8
Let f be 39/(-9) - (-4)/(-6). Let p(a) = -a**2 - 5*a - 5. What is p(f)?
-5
Let g(k) be the first derivative of 2*k**2 + k - 12. Give g(-1).
-3
Let n(c) = -5*c + 4. Let k(j) = -2*j + 1. Let g be k(-1). What is n(g)?
-11
Let l(x) be the first derivative of -3*x**2 + 7. Determine l(-1).
6
Let t(w) = 2*w + 13. Let k be t(-9). Let v(u) = u + 3. Determine v(k).
-2
Let s(p) = -4*p**3 + p**2 - p. Let b(k) = -3*k**3 - k. Let f(o) = 5*b(o) - 4*s(o). Let q(c) = -c**2 + 3*c - 3. Let d be q(2). Let x = d + 5. What is f(x)?
-4
Let q(l) = l - 3. Let w = -22 - -12. Let c(h) = -7*h - 7*h + 15*h + 15. Let i be c(w). What is q(i)?
2
Let d = -3 - -2. Let n(l) = 4*l**2 + 11*l + 6. Let y(b) = -b**2 - 2*b - 1. Let f(o) = 2*n(o) + 11*y(o). What is f(d)?
-2
Let i = -23 - -36. Let u(h) = h**2 - 15*h + 14. Give u(i).
-12
Let c be 3 + 2 + 3 + 9/(-3). Let d(z) = z - 7. Determine d(c).
-2
Let n(g) = 2*g - 2 - 1 - 1. Let f(c) = c**2 - 23*c + 48. Let s be f(21). Give n(s).
8
Let t = 2 + 2. Let d(w) = -w + 3 - w - 2*w + 0*w + 3*w. Calculate d(t).
-1
Let k(p) = p**2 + 4*p + 6. Let j(n) = -n**2 - 3*n - 5. Let b(l) = -7*j(l) - 6*k(l). What is b(5)?
9
Let h(p) = p**3 + 3*p**2 - 4*p. Suppose -2*l - 9 = -0*l + 5*z, -4*z - 9 = l. Let w(k) = -k - 1. Let u be w(l). Determine h(u).
0
Let q(j) = -128*j**2 + 1 + 3*j - 2 + 127*j**2 + 5. What is q(-4)?
-24
Let s(k) = 0*k - 1 - 2*k - k. Suppose 5*l + 20 = 0, z + 7*l - 2*l + 22 = 0. Calculate s(z).
5
Let c = 9 + -9. Let r(y) be the second derivative of y**2 - 1/12*y**4 + 2*y + c + y**3. Give r(5).
7
Let t(h) = -h**2 - h + 1. Let i(m) = -m**2 - 3*m + 5. Let q be i(-4). Let n(g) = g**3 - g**2 + 5*g - 9. Let j(s) = q*n(s) + 5*t(s). What is j(6)?
-4
Let t(v) = v**3 - 4*v**2 + 3*v + 4. Let h = 36 + -16. Suppose h = 5*q + 5. Determine t(q).
4
Let y be (-20)/10 + 12 + 1. Let p(n) = -5*n**2 + 11*n - 15. Let z(g) = -3*g**2 + 6*g - 8. Let c(l) = y*z(l) - 6*p(l). What is c(2)?
-10
Let a(n) = -n. Let k(r) = -r**3 + 2*r**2 - r + 1. Let f(v) = -4*a(v) + k(v). Let w(l) = 10*l - 37. Let y be w(4). Determine f(y).
1
Let g(b) = -3*b**3 + 2*b**2 - 1. Suppose 0 = 2*r - 6*r + 4. What is g(r)?
-2
Suppose x - 2*z + 16 = 2*z, -3*z = -5*x + 5. Let d(s) = s. Let b(u) = u**3 - 5*u**2 + 9*u - 1. Let i(h) = b(h) - 5*d(h). What is i(x)?
-1
Let k(m) = -2*m + 1. Let f be k(-2). Let v(d) be the second derivative of -2*d + 0 + 0*d**2 + 2/3*d**3 - 1/12*d**4. What is v(f)?
-5
Let v(d) = 5 - 5*d + 2*d**2 + 12*d + 0. Let g(x) = 2*x - 14. Let i be g(5). Give v(i).
9
Let i(q) be the third derivative of q**5/30 - q**4/8 + q**3/3 - 11*q**2. Determine i(2).
4
Let a(n) = n**3 + 5 + 5 + 4*n - 17 - 6*n**2. Let p be a(6). Suppose -3*o - p = 2*z, -3*o = -2*z - 0*o + 1. Let q(h) = -h**3 - 5*h**2 - 6*h - 6. What is q(z)?
2
Let g(f) = -1 + 2*f**2 - 2*f + 0 - f**2. Suppose -5*y - 2*h = -0*h - 28, -20 = -5*h. Suppose -y*l + 0*l = -12. Determine g(l).
2
Let p(d) = -3*d + 8. Let k(c) = c**2 - 10*c + 6. Let l be k(10). Give p(l).
-10
Let z be 1 + -2 + -2 - -5. Let x(b) = 3*b - 3 - z*b**3 + 5*b**2 - 5*b**2 - b**2. What is x(2)?
-17
Let v(n) = -n**2 - 11*n - 10. Let i be (8 - 0)/(-4 + 1 + 2). Determine v(i).
14
Suppose 5*s + 4*i = 19 - 0, -2*i = -2. Let k(p) = s*p**2 + 1 - 3*p**3 - 3*p**2. Suppose 0*c = 4*c + 2*w - 10, -4*w + 7 = -5*c. What is k(c)?
-2
Let o be (-27)/6*(-2 + 16/12). Suppose 0 = h - 3. Let a(i) = h - 3 - 2*i. Determine a(o).
-6
Let z(r) be the third derivative of -r**5/60 + r**4/24 + r**2. Let l = 18 + -15. Give z(l).
-6
Let r(o) = o**2 + 2*o + 1. Let m be r(-1). Let d be (-1 + -2)/6*6. Let i = m + d. Let g(b) = 3*b + 1. Determine g(i).
-8
Let s(v) = 6*v**3 + v**2 + v. Let c(d) = 0*d**2 + 4*d + 1 - d**2 + d - d. Let a be c(3). Suppose -5 + a = t. What is s(t)?
-6
Let h(q) be the second derivative of q**4/12 + 3*q**3/2 - 2*q**2 - 9*q. Calculate h(-9).
-4
Let h(x) = -18 + 11*x + 10 - 2*x - 11*x. Determine h(-6).
4
Let n(d) be the third derivative of -d**4/8 - 2*d**3/3 - d**2. Suppose 4*b = r + 35, 4*b + 0*r = 2*r + 38. Let k = -12 + b. Determine n(k).
8
Let z(y) be the first derivative of y**4/8 + y**3/6 + 3*y**2/2 + 2. Let m(v) be the second derivative of z(v). Calculate m(1).
4
Suppose 2*a = 5*a. Let b = a - 2. Let n = b + -3. Let t(m) = -m - 4. Give t(n).
1
Let c(q) = q**3 - q**2 + 1. Let j(w) = -w**3 + 8*w**2 + 6*w + 3. Let y(l) = 2*c(l) + j(l). What is y(-5)?
0
Let q = 3 + 1. Let s(g) = -g - q*g + g + 5*g. What is s(-3)?
-3
Let a(i) = 2*i + 2. Let l be ((-3)/(-6))/(1/48). Let w be 1/6 + (-52)/l. Give a(w).
-2
Let n(c) = c**3 - 4*c**2 + 2. Suppose -b - 2*h = -14, 2*h = -3*b - 7 + 37. Suppose 0*v + 4*v = b. Determine n(v).
-6
Let k(b) be the first derivative of -5*b**3/3 - b**2/2 - b + 4. Let r(p) = p + 2. Let n be r(-3). Give k(n).
